5*b + 47. Let k(w) = -2*q(w) + 3*v(w). List the prime factors of k(-15).
7, 11
Let g(v) = v**3 + 10*v**2 - 18*v + 25. Let h be g(-11). Let s = -67 + h. What are the prime factors of s?
5, 7
Let t(r) = -74*r - 264. List the prime factors of t(-20).
2, 19
Let g = 4 + -2. Suppose 5*h = 76 + 64. Let q = g + h. What are the prime factors of q?
2, 3, 5
Suppose -3*d - 24 = -3*b, d + 4*b + 7 = -21. Let a be 0 + d/(-4) + 45. Suppose v = 4*v - a. What are the prime factors of v?
2
Let f(z) = 121*z - 7. Let y be f(3). Suppose -820 = -8*k + y. What are the prime factors of k?
3, 7
Suppose -2*w - 5 = -6*w + r, 2*w + 5*r = 19. List the prime factors of (-6)/w - (-60 + 0).
3, 19
Let j(n) = -11*n + 6. Let v be -9 - 4*(-5)/10. What are the prime factors of j(v)?
83
Let m = 68 - 64. Suppose -3*k + 5*x + 279 = 0, 3*x - m = 5. What are the prime factors of k?
2, 7
Suppose 0 = 4*t - 2360 - 456. What are the prime factors of t?
2, 11
Let q(g) = 2*g**2 + 13*g + 78. What are the prime factors of q(-7)?
5, 17
Let n be -1 + 5/(20/(-12)). Let x(p) = -2*p - 4. Let m be x(n). Suppose -3*b - 1 = -4, -m*y - 2*b + 66 = 0. What are the prime factors of y?
2
Let g be 1*((-10)/5 - 5). Let c = 18 - g. List the prime factors of c.
5
Let h(g) = -g**3 + 8*g**2 - 7*g - 1. Let y be 5 - (-4 + 3 + -1). Let m be h(y). List the prime factors of (-1 + 38)/(m/(-1)).
37
Let c = -111 + 116. Suppose -4*k = -x - 623, 3*x + 776 = c*k - x. List the prime factors of k.
2, 3, 13
Suppose 15075 = 19*s + 3770. What are the prime factors of s?
5, 7, 17
Let b(c) = c**2. Let s be b(-2). List the prime factors of (-579)/(-7) + ((-60)/(-14) - s).
83
Suppose 3*n = 5*w - 358, n + 153 = -4*w + 28. Let x = n + 331. What are the prime factors of x?
2, 3, 5, 7
Let n(b) = b**2 + 43*b + 439. What are the prime factors of n(-46)?
577
Let u(k) = 12*k**3 - 4*k**2 - 8*k - 6. What are the prime factors of u(5)?
2, 677
Suppose 0 = 5*n + l - 4298, -5*n + 2*l = 714 - 5003. List the prime factors of n.
859
Suppose n - 5*t - 7 = -2*n, 2*n + 2*t + 6 = 0. Let u be 34/6 + n/(-3). Let j = u - -17. What are the prime factors of j?
23
Let a(i) = -i**3 - 2*i**2 + 7*i + 3. Let o be a(-3). What are the prime factors of o/24 - 4761/(-24)?
2, 3, 11
Let q be 414*(160/15)/4. Suppose -q = -5*p - 4*f, -2*p + 34 + 434 = -5*f. What are the prime factors of p?
2, 7
Suppose -6*f + 5446 = -7910. List the prime factors of f.
2, 3, 7, 53
Suppose 7*c + 41944 = 56*c. List the prime factors of c.
2, 107
Let s(v) = v**2 + 11*v + 7. Suppose 4*d - 4 = 3*d. Suppose -d*c = 32 + 20. List the prime factors of s(c).
3, 11
Suppose -5*n + 8*n = -60. Let b = 55 - n. List the prime factors of b.
3, 5
Let r(x) = 4*x**3 + x**2 + 9*x - 9. Let g(c) = 2*c**3 + c**2 + 4*c - 4. Let s(z) = 7*g(z) - 3*r(z). List the prime factors of s(3).
2, 23
Let s(f) = -5*f - 6. Let g(u) = -6*u - 3. Let c(n) = 12*n + 5. Let a(b) = 2*c(b) + 5*g(b). Let j(x) = 3*a(x) - 4*s(x). What are the prime factors of j(9)?
3
Let l = 1947 + -311. What are the prime factors of l?
2, 409
Let m be (3 + 0)*(-4)/(-42)*-7. Let l(i) = -41*i - 17. List the prime factors of l(m).
5, 13
Let l(a) be the second derivative of 5*a**4/12 - a**3/6 - a**2/2 - a. Suppose -x = -3*c + 13, 2*x - 4*c + 19 = 1. What are the prime factors of l(x)?
5
Let u = 140 + -7. List the prime factors of 4/(-38) + 13447/u.
101
Suppose -6*s + 12*s + 5*b = 604, -2*s + 204 = b. List the prime factors of s.
2, 13
Let y(j) = j**3 - 4*j**2 - 2*j + 3. Let o be -1 - (3 - 31)/1. Suppose 5*f = -u + o, 14 = 4*f + 4*u - 14. List the prime factors of y(f).
2, 3
Suppose -506 = 8*q + 78. Let g = q - -214. What are the prime factors of g?
3, 47
Let y = -27 + 24. Let p(q) = q**3 + 2*q**2 - 4*q. Let h be p(y). Suppose -6*t = -h*t - 186. List the prime factors of t.
2, 31
Let v be -1*(-12)/(-4 - 0). List the prime factors of (-63)/v + 0/(4/2).
3, 7
Let m(a) = -7*a. Let w be m(3). Let h = -10 - w. Suppose -8*p = -h*p + 12. What are the prime factors of p?
2
What are the prime factors of 9/21 - 194428/(-91)?
2137
Let l = -11 + 14. Suppose t + k = -5, -l*t + 0*k - 11 = 2*k. List the prime factors of -4*(-2 - t)*7.
2, 7
Let l(k) = -k**2 + 16*k + 33. Suppose 0 = p - 4*d + 5*d - 9, 3*d + 15 = 0. What are the prime factors of l(p)?
61
Let c(o) = o**2 - 1. Suppose -5*z + 0*z = 10. Let j be c(z). Suppose 39 - 144 = -j*d. List the prime factors of d.
5, 7
Let l be (-280)/(-49) - (-2)/7. Let t(u) = 13 + 14*u - 29 - u**2 + l. List the prime factors of t(11).
23
Let l = -157 + 155. Let n(p) = -32*p - 24. List the prime factors of n(l).
2, 5
Suppose -14*o + 759 = -3*o. What are the prime factors of o?
3, 23
Let i be ((-21204)/(-8))/9 - (-2)/4. Let c = 536 - i. List the prime factors of c.
241
Let d be (-4)/8 - 1884/(-8). Suppose -17*x + d = -12*x. What are the prime factors of x?
47
Suppose -k - 40*x + 1087 = -35*x, 2*k = 3*x + 2135. What are the prime factors of k?
2, 67
Let l be (7 + 5 + -4)*1. What are the prime factors of (-11025)/(-100) - ((-2)/l)/(-1)?
2, 5, 11
Suppose 4*o = 20, 0 = 5*r - 4*r - 8*o - 1907. What are the prime factors of r?
3, 11, 59
Let x = -143 - -1175. What are the prime factors of x?
2, 3, 43
Suppose 36*t + 43476 = 111480. List the prime factors of t.
1889
Let i(t) = t**3 + t**2 - t + 31. Let g(r) = -r + 8. Let h(j) = j**2 - 10*j - 3. Let d be h(11). Let v be g(d). List the prime factors of i(v).
31
Let a(t) = 3*t**2 - 20*t + 169. List the prime factors of a(-21).
2, 239
Let z be (-532)/(-57)*1/(-2)*-3. What are the prime factors of 1/((-1)/17)*(z + -15)?
17
Suppose 4*r + 38 = -14. List the prime factors of -36*((-2)/3 - r/(-39)).
2, 3
Let v be (27/(-2))/(2/(-20)). Suppose 4*i - 17 = v. List the prime factors of i.
2, 19
Let l(o) = -o**2 - 7*o - 21. Let j be l(-5). Let f(y) = -7*y + 44. What are the prime factors of f(j)?
11
Suppose -t + 4135 = 5*n, 4*t + 20*n - 16455 = 17*n. List the prime factors of t.
2, 3, 5, 137
Suppose 369 = 2*i + 85. Suppose 0*x + 2*x = i. List the prime factors of x.
71
Suppose 73*n = 92*n - 51053. What are the prime factors of n?
2687
Let w be ((-6)/(-1) - 2) + -9 + 7. Suppose -w*y = -y - g - 115, 2*y + g = 233. What are the prime factors of y?
2, 29
Let l be 0/(-2 + 3 - 2). Suppose -4*i - 20 = l, 3*i - 100 - 92 = -3*f. What are the prime factors of f?
3, 23
Suppose 0 = 17*s + 7378 - 21641. List the prime factors of s.
839
Let g be ((4 - -2) + 1)*1. Let a = g - 3. Suppose -20 = -a*f, -3*q - f = q - 197. What are the prime factors of q?
2, 3
What are the prime factors of -9736*1*3/(-8)?
3, 1217
Let j be 3*(0 + 4)/4. Suppose -4*x - 4*c = -9*c - 227, 0 = j*x + 4*c - 209. List the prime factors of x.
3, 7
Let s(t) = -t**3 + 10*t**2 + 12*t + 8. Suppose -3*k + 4*a = -13, 4*k - 19 = 3*a + 10. Let i be s(k). Suppose w = -0 + i. List the prime factors of w.
19
Suppose -o - 2 = 0, -19*g + 22*g + 5*o = 13244. List the prime factors of g.
2, 47
Suppose -3*j - 261 = f, 5*f = -8*j + 3*j - 435. Suppose -2*h = h + 144. Let s = h - j. List the prime factors of s.
3, 13
Let o = 630 - -2832. List the prime factors of o.
2, 3, 577
What are the prime factors of -73*(-195)/24 + (-8)/64?
593
Suppose 198 = 5*p + 3*m + 41, 123 = 4*p + 5*m. Suppose z - 5*z = p. Let i = z + 22. What are the prime factors of i?
2, 7
Let z(o) = -o**3 + 5*o**2 - 2*o + 6. Let v be z(5). Let w = v - -7. Suppose -5*i = -0*i + w*p - 41, 0 = -5*i - p + 47. What are the prime factors of i?
2, 5
Suppose n - 35 = -4*v, 0*v - 4*n = -4*v + 60. Suppose 5*h = v + 15. Suppose -32 = -h*d + d. What are the prime factors of d?
2
Let d be (-2034)/(-27) - (-1)/(-3). Suppose 50 + d = k. What are the prime factors of k?
5
Let a = -93 + 63. Let w(m) = -m - 1. Let h(t) = -35*t - 15. Let f(s) = a*w(s) + h(s). List the prime factors of f(-7).
2, 5
Let z(y) = y**3 + 15*y**2 - 4*y + 16. Let v be z(-15). Let l = -60 + v. What are the prime factors of l?
2
Let l(f) = f**2 - 17*f + 4. Let i be l(17). Suppose 693 = 3*j + 3*u, -5*j + i*u = -6*j + 216. List the prime factors of j.
2, 59
What are the prime factors of 16541/68 - 9/(-12)?
2, 61
Suppose 5*b - 73 = 102. Suppose 5*a = -4*r + 484, -3*r + 398 = 4*a + b. What are the prime factors of r?
11
Suppose -4*a + 2121 = -1711. List the prime factors of a.
2, 479
What are the prime factors of 1022 + 3 + (2 + -2)/(-4)?
5, 41
Let t(b) = -1